{"id":712,"date":"2021-04-23T17:30:04","date_gmt":"2021-04-23T15:30:04","guid":{"rendered":"http:\/\/op-int-21.fr\/plateforme-numerique-wp\/?page_id=712"},"modified":"2024-07-02T11:32:10","modified_gmt":"2024-07-02T09:32:10","slug":"lesloges","status":"publish","type":"page","link":"https:\/\/plateforme-numerique.intranet-opera.fr\/?page_id=712","title":{"rendered":"Les loges"},"content":{"rendered":"<div class=\"vce-row-container\" data-vce-boxed-width=\"true\"><div class=\"vce-row vce-row--col-gap-30 vce-row-equal-height vce-row-content--top\" id=\"el-7766960b\" data-vce-do-apply=\"all el-7766960b\"><div class=\"vce-row-content\" data-vce-element-content=\"true\"><div class=\"vce-col vce-col--md-auto vce-col--xs-1 vce-col--xs-last vce-col--xs-first vce-col--sm-last vce-col--sm-first vce-col--md-last vce-col--lg-last vce-col--xl-last vce-col--md-first vce-col--lg-first vce-col--xl-first\" id=\"el-ac453fa6\"><div class=\"vce-col-inner\" data-vce-do-apply=\"border margin background  el-ac453fa6\"><div class=\"vce-col-content\" data-vce-element-content=\"true\" data-vce-do-apply=\"padding el-ac453fa6\"><div class=\"vce-text-block\"><div class=\"vce-text-block-wrapper vce\" id=\"el-c3e9e64b\" data-vce-do-apply=\"all el-c3e9e64b\"><p>L\u2019\u00e9quipe artistique qui participe \u00e0 la cr\u00e9ation d\u2019un op\u00e9ra n\u2019est souvent pas dijonnaise et les artistes viennent du monde entier. Lorsqu\u2019ils arrivent \u00e0 Dijon, pour environ 6 semaines de r\u00e9p\u00e9titions, ils dorment \u00e0 l\u2019h\u00f4tel et mangent en ext\u00e9rieur. L\u2019Op\u00e9ra met \u00e0 leur disposition des loges afin qu'ils puissent d\u00e9poser leurs effets personnels, se costumer, prendre une douche apr\u00e8s une r\u00e9p\u00e9tition\u2026<\/p><p>Les loges sont attribu\u00e9es selon l\u2019importance du r\u00f4le qu'occupe l'artiste au sein de la production. La premi\u00e8re loge est g\u00e9n\u00e9ralement r\u00e9serv\u00e9e au chef d\u2019orchestre, la suivante au metteur en sc\u00e8ne puis, viennent celles des solistes. Les choristes et les musiciens ont des loges collectives, situ\u00e9es au premier sous-sol. L'Auditorium dispose de 6 loges individuelles au rez-de-chauss\u00e9e et de 6 loges collectives au -1.<\/p><p>Dans une loge, on trouve un espace pour se d\u00e9tendre (canap\u00e9, fauteuil), un espace pour se pr\u00e9parer, avec un grand miroir et un \u00e9clairage important, une salle de bain, et un portant pour d\u00e9poser le costume de l\u2019artiste. Il y a \u00e9galement un haut-parleur qui diffuse les messages adress\u00e9s aux artistes par la r\u00e9gie plateau et un \u00e9cran qui retransmet ce qu\u2019il se passe sur sc\u00e8ne. Selon les besoins de l\u2019artiste, il peut aussi y avoir d\u2019autres \u00e9l\u00e9ments : un piano, un pupitre\u2026<\/p><\/div><\/div><\/div><\/div><\/div><\/div><\/div><\/div><div class=\"vce-row-container\" data-vce-boxed-width=\"true\"><div class=\"vce-row vce-row--col-gap-30 vce-row-equal-height vce-row-content--top\" id=\"el-82c0ca84\" data-vce-do-apply=\"all el-82c0ca84\"><div class=\"vce-row-content\" data-vce-element-content=\"true\"><div class=\"vce-col vce-col--md-auto vce-col--xs-1 vce-col--xs-last vce-col--xs-first vce-col--sm-last vce-col--sm-first vce-col--md-last vce-col--lg-last vce-col--xl-last vce-col--md-first vce-col--lg-first vce-col--xl-first\" id=\"el-e816c1e0\"><div class=\"vce-col-inner\" data-vce-do-apply=\"border margin background  el-e816c1e0\"><div class=\"vce-col-content\" data-vce-element-content=\"true\" data-vce-do-apply=\"padding el-e816c1e0\"><div class=\"vce-image-gallery-with-scaleup vce-image-gallery-with-scaleup--gap-10 vce-image-gallery-with-scaleup--columns-2\"><div class=\"vce vce-image-gallery-with-scaleup-wrapper\" id=\"el-d4e38b84\" data-vce-do-apply=\"all el-d4e38b84\"><div class=\"vce-image-gallery-with-scaleup-list\"><div class=\"vce-image-gallery-with-scaleup-item\"><div class=\"vce-image-gallery-with-scaleup-item-inner-wrapper\"><a href=\"https:\/\/plateforme-numerique.intranet-opera.fr\/wp-content\/uploads\/2021\/05\/loge-soliste-scaled.jpg\" data-lightbox=\"lightbox-d4e38b84\" class=\"vce-image-gallery-with-scaleup-item-inner\"><img decoding=\"async\" class=\"vce-image-gallery-with-scaleup-img\" src=\"https:\/\/plateforme-numerique.intranet-opera.fr\/wp-content\/uploads\/2021\/05\/loge-soliste-1024x683.jpg\" alt=\"\" title=\"loge soliste\"><\/a><\/div><\/div><div class=\"vce-image-gallery-with-scaleup-item\"><div class=\"vce-image-gallery-with-scaleup-item-inner-wrapper\"><a href=\"https:\/\/plateforme-numerique.intranet-opera.fr\/wp-content\/uploads\/2024\/07\/IMG_9539-scaled.jpg\" data-lightbox=\"lightbox-d4e38b84\" class=\"vce-image-gallery-with-scaleup-item-inner\"><img decoding=\"async\" class=\"vce-image-gallery-with-scaleup-img\" src=\"https:\/\/plateforme-numerique.intranet-opera.fr\/wp-content\/uploads\/2024\/07\/IMG_9539-1024x683.jpg\" alt=\"\" title=\"IMG_9539\"><\/a><\/div><\/div><div class=\"vce-image-gallery-with-scaleup-item\"><div class=\"vce-image-gallery-with-scaleup-item-inner-wrapper\"><a href=\"https:\/\/plateforme-numerique.intranet-opera.fr\/wp-content\/uploads\/2024\/07\/IMG_9533-scaled.jpg\" data-lightbox=\"lightbox-d4e38b84\" class=\"vce-image-gallery-with-scaleup-item-inner\"><img decoding=\"async\" class=\"vce-image-gallery-with-scaleup-img\" src=\"https:\/\/plateforme-numerique.intranet-opera.fr\/wp-content\/uploads\/2024\/07\/IMG_9533-1024x683.jpg\" alt=\"\" title=\"IMG_9533\"><\/a><\/div><\/div><div class=\"vce-image-gallery-with-scaleup-item\"><div class=\"vce-image-gallery-with-scaleup-item-inner-wrapper\"><a href=\"https:\/\/plateforme-numerique.intranet-opera.fr\/wp-content\/uploads\/2024\/07\/IMG_9534-scaled.jpg\" data-lightbox=\"lightbox-d4e38b84\" class=\"vce-image-gallery-with-scaleup-item-inner\"><img decoding=\"async\" class=\"vce-image-gallery-with-scaleup-img\" src=\"https:\/\/plateforme-numerique.intranet-opera.fr\/wp-content\/uploads\/2024\/07\/IMG_9534-1024x683.jpg\" alt=\"\" title=\"IMG_9534\"><\/a><\/div><\/div><\/div><\/div><\/div><\/div><\/div><\/div><\/div><\/div><\/div><div class=\"vce-row-container\" data-vce-boxed-width=\"true\"><div class=\"vce-row vce-row--col-gap-30 vce-row-equal-height vce-row-content--top\" id=\"el-aa22997f\" data-vce-do-apply=\"all el-aa22997f\"><div class=\"vce-row-content\" data-vce-element-content=\"true\"><div class=\"vce-col vce-col--md-auto vce-col--xs-1 vce-col--xs-last vce-col--xs-first vce-col--sm-last vce-col--sm-first vce-col--md-last vce-col--lg-last vce-col--xl-last vce-col--md-first vce-col--lg-first vce-col--xl-first\" id=\"el-2ae84446\"><div class=\"vce-col-inner\" data-vce-do-apply=\"border margin background  el-2ae84446\"><div class=\"vce-col-content\" data-vce-element-content=\"true\" data-vce-do-apply=\"padding el-2ae84446\"><div class=\"vce-text-block\"><div class=\"vce-text-block-wrapper vce\" id=\"el-39852b07\" data-vce-do-apply=\"all el-39852b07\"><p><span style=\"font-size: 10pt;\">\u00a9 Op\u00e9ra de Dijon<\/span><\/p><\/div><\/div><\/div><\/div><\/div><\/div><\/div><\/div>\n","protected":false},"excerpt":{"rendered":"<p>L\u2019\u00e9quipe artistique qui participe \u00e0 la cr\u00e9ation d\u2019un op\u00e9ra n\u2019est souvent pas dijonnaise et les artistes viennent du monde entier. Lorsqu\u2019ils arrivent \u00e0 Dijon, pour environ 6 semaines de r\u00e9p\u00e9titions, ils dorment \u00e0 l\u2019h\u00f4tel et mangent en ext\u00e9rieur. L\u2019Op\u00e9ra met \u00e0 leur disposition des loges afin qu&rsquo;ils puissent d\u00e9poser leurs effets personnels, se costumer, prendre &hellip; <\/p>\n<p class=\"link-more\"><a href=\"https:\/\/plateforme-numerique.intranet-opera.fr\/?page_id=712\" class=\"more-link\">Continuer la lecture<span class=\"screen-reader-text\"> de &laquo;&nbsp;Les loges&nbsp;&raquo;<\/span><\/a><\/p>\n","protected":false},"author":1,"featured_media":0,"parent":61,"menu_order":0,"comment_status":"closed","ping_status":"closed","template":"","meta":{"footnotes":""},"class_list":["post-712","page","type-page","status-publish","hentry"],"_links":{"self":[{"href":"https:\/\/plateforme-numerique.intranet-opera.fr\/index.php?rest_route=\/wp\/v2\/pages\/712","targetHints":{"allow":["GET"]}}],"collection":[{"href":"https:\/\/plateforme-numerique.intranet-opera.fr\/index.php?rest_route=\/wp\/v2\/pages"}],"about":[{"href":"https:\/\/plateforme-numerique.intranet-opera.fr\/index.php?rest_route=\/wp\/v2\/types\/page"}],"author":[{"embeddable":true,"href":"https:\/\/plateforme-numerique.intranet-opera.fr\/index.php?rest_route=\/wp\/v2\/users\/1"}],"replies":[{"embeddable":true,"href":"https:\/\/plateforme-numerique.intranet-opera.fr\/index.php?rest_route=%2Fwp%2Fv2%2Fcomments&post=712"}],"version-history":[{"count":5,"href":"https:\/\/plateforme-numerique.intranet-opera.fr\/index.php?rest_route=\/wp\/v2\/pages\/712\/revisions"}],"predecessor-version":[{"id":1752,"href":"https:\/\/plateforme-numerique.intranet-opera.fr\/index.php?rest_route=\/wp\/v2\/pages\/712\/revisions\/1752"}],"up":[{"embeddable":true,"href":"https:\/\/plateforme-numerique.intranet-opera.fr\/index.php?rest_route=\/wp\/v2\/pages\/61"}],"wp:attachment":[{"href":"https:\/\/plateforme-numerique.intranet-opera.fr\/index.php?rest_route=%2Fwp%2Fv2%2Fmedia&parent=712"}],"curies":[{"name":"wp","href":"https:\/\/api.w.org\/{rel}","templated":true}]}}