{"id":710,"date":"2021-04-23T17:29:55","date_gmt":"2021-04-23T15:29:55","guid":{"rendered":"http:\/\/op-int-21.fr\/plateforme-numerique-wp\/?page_id=710"},"modified":"2024-07-02T11:33:35","modified_gmt":"2024-07-02T09:33:35","slug":"le_salon_de_maquillage","status":"publish","type":"page","link":"https:\/\/plateforme-numerique.intranet-opera.fr\/?page_id=710","title":{"rendered":"Le salon de maquillage"},"content":{"rendered":"<div class=\"vce-row-container\" data-vce-boxed-width=\"true\"><div class=\"vce-row vce-row--col-gap-30 vce-row-equal-height vce-row-content--top\" id=\"el-261bbfd7\" data-vce-do-apply=\"all el-261bbfd7\"><div class=\"vce-row-content\" data-vce-element-content=\"true\"><div class=\"vce-col vce-col--md-auto vce-col--xs-1 vce-col--xs-last vce-col--xs-first vce-col--sm-last vce-col--sm-first vce-col--md-last vce-col--lg-last vce-col--xl-last vce-col--md-first vce-col--lg-first vce-col--xl-first\" id=\"el-34e87789\"><div class=\"vce-col-inner\" data-vce-do-apply=\"border margin background  el-34e87789\"><div class=\"vce-col-content\" data-vce-element-content=\"true\" data-vce-do-apply=\"padding el-34e87789\"><div class=\"vce-text-block\"><div class=\"vce-text-block-wrapper vce\" id=\"el-81a2d3d8\" data-vce-do-apply=\"all el-81a2d3d8\"><p>Au moment des derni\u00e8res r\u00e9p\u00e9titions de l\u2019op\u00e9ra et pendant toutes les repr\u00e9sentations, les maquilleurs et les coiffeurs s\u2019installent \u00e0 quelques pas de la <strong>sc\u00e8ne<\/strong>, dans le studio de danse de l\u2019Op\u00e9ra, qu\u2019ils transforment en grande loge maquillage et coiffure.<\/p><p>C\u2019est l\u00e0 que les solistes se font maquiller et coiffer avant de monter sur sc\u00e8ne, suivant un planning \u00e9tabli en amont. Les premi\u00e8res convocations maquillage se font 2h avant le d\u00e9but du spectacle. Pendant toute la dur\u00e9e de l\u2019op\u00e9ra, ils reviennent r\u00e9guli\u00e8rement dans cette loge pour des retouches, des changements...<\/p><p>Le maquillage de sc\u00e8ne est tr\u00e8s important, car c\u2019est lui qui caract\u00e9rise le personnage visuellement. Un maquillage bien r\u00e9ussi permet aussi au chanteur de se transformer pour devenir quelqu'un d'autre et jouer dans les meilleures conditions. Il est cr\u00e9\u00e9 \u00e0 l\u2019avance sur des croquis, puis reproduit sur le visage du soliste. Les hommes comme les femmes sont toujours tr\u00e8s maquill\u00e9s, pour que l\u2019effet soit bien visible depuis la salle.<\/p><p>Pour r\u00e9aliser les coiffures, on fabrique tr\u00e8s souvent des perruques. Cela permet de changer de coiffure plus rapidement pendant le spectacle. On peut aussi utiliser des rajouts que l\u2019on colore et des postiches (barbe, moustache, sourcils, etc.).&nbsp;<\/p><\/div><\/div><\/div><\/div><\/div><\/div><\/div><\/div><div class=\"vce-row-container\" data-vce-boxed-width=\"true\"><div class=\"vce-row vce-row--col-gap-30 vce-row-equal-height vce-row-content--top\" id=\"el-8948cbf0\" data-vce-do-apply=\"all el-8948cbf0\"><div class=\"vce-row-content\" data-vce-element-content=\"true\"><div class=\"vce-col vce-col--md-auto vce-col--xs-1 vce-col--xs-last vce-col--xs-first vce-col--sm-last vce-col--sm-first vce-col--md-last vce-col--lg-last vce-col--xl-last vce-col--md-first vce-col--lg-first vce-col--xl-first\" id=\"el-605dcec1\"><div class=\"vce-col-inner\" data-vce-do-apply=\"border margin background  el-605dcec1\"><div class=\"vce-col-content\" data-vce-element-content=\"true\" data-vce-do-apply=\"padding el-605dcec1\"><div class=\"vce-image-gallery-with-scaleup vce-image-gallery-with-scaleup--gap-10 vce-image-gallery-with-scaleup--columns-4\"><div class=\"vce vce-image-gallery-with-scaleup-wrapper\" id=\"el-f48740f8\" data-vce-do-apply=\"all el-f48740f8\"><div class=\"vce-image-gallery-with-scaleup-list\"><div class=\"vce-image-gallery-with-scaleup-item\"><div class=\"vce-image-gallery-with-scaleup-item-inner-wrapper\"><a href=\"https:\/\/plateforme-numerique.intranet-opera.fr\/wp-content\/uploads\/2024\/06\/IMG_9445-scaled.jpg\" data-lightbox=\"lightbox-f48740f8\" class=\"vce-image-gallery-with-scaleup-item-inner\"><img decoding=\"async\" class=\"vce-image-gallery-with-scaleup-img\" src=\"https:\/\/plateforme-numerique.intranet-opera.fr\/wp-content\/uploads\/2024\/06\/IMG_9445-1024x683.jpg\" alt=\"\" title=\"IMG_9445\"><\/a><\/div><\/div><div class=\"vce-image-gallery-with-scaleup-item\"><div class=\"vce-image-gallery-with-scaleup-item-inner-wrapper\"><a href=\"https:\/\/plateforme-numerique.intranet-opera.fr\/wp-content\/uploads\/2024\/06\/IMG_9448-scaled.jpg\" data-lightbox=\"lightbox-f48740f8\" class=\"vce-image-gallery-with-scaleup-item-inner\"><img decoding=\"async\" class=\"vce-image-gallery-with-scaleup-img\" src=\"https:\/\/plateforme-numerique.intranet-opera.fr\/wp-content\/uploads\/2024\/06\/IMG_9448-1024x683.jpg\" alt=\"\" title=\"IMG_9448\"><\/a><\/div><\/div><div class=\"vce-image-gallery-with-scaleup-item\"><div class=\"vce-image-gallery-with-scaleup-item-inner-wrapper\"><a href=\"https:\/\/plateforme-numerique.intranet-opera.fr\/wp-content\/uploads\/2024\/06\/IMG_9464-scaled.jpg\" data-lightbox=\"lightbox-f48740f8\" class=\"vce-image-gallery-with-scaleup-item-inner\"><img decoding=\"async\" class=\"vce-image-gallery-with-scaleup-img\" src=\"https:\/\/plateforme-numerique.intranet-opera.fr\/wp-content\/uploads\/2024\/06\/IMG_9464-1024x683.jpg\" alt=\"\" title=\"IMG_9464\"><\/a><\/div><\/div><div class=\"vce-image-gallery-with-scaleup-item\"><div class=\"vce-image-gallery-with-scaleup-item-inner-wrapper\"><a href=\"https:\/\/plateforme-numerique.intranet-opera.fr\/wp-content\/uploads\/2024\/06\/IMG_9449-scaled.jpg\" data-lightbox=\"lightbox-f48740f8\" class=\"vce-image-gallery-with-scaleup-item-inner\"><img decoding=\"async\" class=\"vce-image-gallery-with-scaleup-img\" src=\"https:\/\/plateforme-numerique.intranet-opera.fr\/wp-content\/uploads\/2024\/06\/IMG_9449-1024x683.jpg\" alt=\"\" title=\"IMG_9449\"><\/a><\/div><\/div><div class=\"vce-image-gallery-with-scaleup-item\"><div class=\"vce-image-gallery-with-scaleup-item-inner-wrapper\"><a href=\"https:\/\/plateforme-numerique.intranet-opera.fr\/wp-content\/uploads\/2024\/06\/IMG_9461-scaled.jpg\" data-lightbox=\"lightbox-f48740f8\" class=\"vce-image-gallery-with-scaleup-item-inner\"><img decoding=\"async\" class=\"vce-image-gallery-with-scaleup-img\" src=\"https:\/\/plateforme-numerique.intranet-opera.fr\/wp-content\/uploads\/2024\/06\/IMG_9461-1024x683.jpg\" alt=\"\" title=\"IMG_9461\"><\/a><\/div><\/div><div class=\"vce-image-gallery-with-scaleup-item\"><div class=\"vce-image-gallery-with-scaleup-item-inner-wrapper\"><a href=\"https:\/\/plateforme-numerique.intranet-opera.fr\/wp-content\/uploads\/2024\/06\/IMG_9462-scaled.jpg\" data-lightbox=\"lightbox-f48740f8\" class=\"vce-image-gallery-with-scaleup-item-inner\"><img decoding=\"async\" class=\"vce-image-gallery-with-scaleup-img\" src=\"https:\/\/plateforme-numerique.intranet-opera.fr\/wp-content\/uploads\/2024\/06\/IMG_9462-1024x683.jpg\" alt=\"\" title=\"IMG_9462\"><\/a><\/div><\/div><div class=\"vce-image-gallery-with-scaleup-item\"><div class=\"vce-image-gallery-with-scaleup-item-inner-wrapper\"><a href=\"https:\/\/plateforme-numerique.intranet-opera.fr\/wp-content\/uploads\/2024\/06\/IMG_9458-scaled.jpg\" data-lightbox=\"lightbox-f48740f8\" class=\"vce-image-gallery-with-scaleup-item-inner\"><img decoding=\"async\" class=\"vce-image-gallery-with-scaleup-img\" src=\"https:\/\/plateforme-numerique.intranet-opera.fr\/wp-content\/uploads\/2024\/06\/IMG_9458-1024x683.jpg\" alt=\"\" title=\"IMG_9458\"><\/a><\/div><\/div><div class=\"vce-image-gallery-with-scaleup-item\"><div class=\"vce-image-gallery-with-scaleup-item-inner-wrapper\"><a href=\"https:\/\/plateforme-numerique.intranet-opera.fr\/wp-content\/uploads\/2024\/06\/IMG_9478-scaled.jpg\" data-lightbox=\"lightbox-f48740f8\" class=\"vce-image-gallery-with-scaleup-item-inner\"><img decoding=\"async\" class=\"vce-image-gallery-with-scaleup-img vce-image-gallery-with-scaleup-img--orientation-portrait\" src=\"https:\/\/plateforme-numerique.intranet-opera.fr\/wp-content\/uploads\/2024\/06\/IMG_9478-683x1024.jpg\" alt=\"\" title=\"IMG_9478\"><\/a><\/div><\/div><div class=\"vce-image-gallery-with-scaleup-item\"><div class=\"vce-image-gallery-with-scaleup-item-inner-wrapper\"><a href=\"https:\/\/plateforme-numerique.intranet-opera.fr\/wp-content\/uploads\/2024\/06\/IMG_9481-scaled.jpg\" data-lightbox=\"lightbox-f48740f8\" class=\"vce-image-gallery-with-scaleup-item-inner\"><img decoding=\"async\" class=\"vce-image-gallery-with-scaleup-img vce-image-gallery-with-scaleup-img--orientation-portrait\" src=\"https:\/\/plateforme-numerique.intranet-opera.fr\/wp-content\/uploads\/2024\/06\/IMG_9481-683x1024.jpg\" alt=\"\" title=\"IMG_9481\"><\/a><\/div><\/div><div class=\"vce-image-gallery-with-scaleup-item\"><div class=\"vce-image-gallery-with-scaleup-item-inner-wrapper\"><a href=\"https:\/\/plateforme-numerique.intranet-opera.fr\/wp-content\/uploads\/2024\/06\/IMG_9483-scaled.jpg\" data-lightbox=\"lightbox-f48740f8\" class=\"vce-image-gallery-with-scaleup-item-inner\"><img decoding=\"async\" class=\"vce-image-gallery-with-scaleup-img\" src=\"https:\/\/plateforme-numerique.intranet-opera.fr\/wp-content\/uploads\/2024\/06\/IMG_9483-1024x683.jpg\" alt=\"\" title=\"IMG_9483\"><\/a><\/div><\/div><div class=\"vce-image-gallery-with-scaleup-item\"><div class=\"vce-image-gallery-with-scaleup-item-inner-wrapper\"><a href=\"https:\/\/plateforme-numerique.intranet-opera.fr\/wp-content\/uploads\/2024\/06\/perruques-scaled.jpg\" data-lightbox=\"lightbox-f48740f8\" class=\"vce-image-gallery-with-scaleup-item-inner\"><img decoding=\"async\" class=\"vce-image-gallery-with-scaleup-img\" src=\"https:\/\/plateforme-numerique.intranet-opera.fr\/wp-content\/uploads\/2024\/06\/perruques-1024x683.jpg\" alt=\"\" title=\"perruques\"><\/a><\/div><\/div><div class=\"vce-image-gallery-with-scaleup-item\"><div class=\"vce-image-gallery-with-scaleup-item-inner-wrapper\"><a href=\"https:\/\/plateforme-numerique.intranet-opera.fr\/wp-content\/uploads\/2024\/06\/IMG_9467-scaled.jpg\" data-lightbox=\"lightbox-f48740f8\" class=\"vce-image-gallery-with-scaleup-item-inner\"><img decoding=\"async\" class=\"vce-image-gallery-with-scaleup-img\" src=\"https:\/\/plateforme-numerique.intranet-opera.fr\/wp-content\/uploads\/2024\/06\/IMG_9467-1024x683.jpg\" alt=\"\" title=\"IMG_9467\"><\/a><\/div><\/div><\/div><\/div><\/div><\/div><\/div><\/div><\/div><\/div><\/div><div class=\"vce-row-container\" data-vce-boxed-width=\"true\"><div class=\"vce-row vce-row--col-gap-30 vce-row-equal-height vce-row-content--top\" id=\"el-b624d6e0\" data-vce-do-apply=\"all el-b624d6e0\"><div class=\"vce-row-content\" data-vce-element-content=\"true\"><div class=\"vce-col vce-col--md-auto vce-col--xs-1 vce-col--xs-last vce-col--xs-first vce-col--sm-last vce-col--sm-first vce-col--md-last vce-col--lg-last vce-col--xl-last vce-col--md-first vce-col--lg-first vce-col--xl-first\" id=\"el-ae2213fc\"><div class=\"vce-col-inner\" data-vce-do-apply=\"border margin background  el-ae2213fc\"><div class=\"vce-col-content\" data-vce-element-content=\"true\" data-vce-do-apply=\"padding el-ae2213fc\"><div class=\"vce-text-block\"><div class=\"vce-text-block-wrapper vce\" id=\"el-ce6303c7\" data-vce-do-apply=\"all el-ce6303c7\"><p><span style=\"font-size: 10pt;\">\u00a9 Op\u00e9ra de Dijon<\/span><\/p><\/div><\/div><\/div><\/div><\/div><\/div><\/div><\/div>\n","protected":false},"excerpt":{"rendered":"<p>Au moment des derni\u00e8res r\u00e9p\u00e9titions de l\u2019op\u00e9ra et pendant toutes les repr\u00e9sentations, les maquilleurs et les coiffeurs s\u2019installent \u00e0 quelques pas de la sc\u00e8ne, dans le studio de danse de l\u2019Op\u00e9ra, qu\u2019ils transforment en grande loge maquillage et coiffure.C\u2019est l\u00e0 que les solistes se font maquiller et coiffer avant de monter sur sc\u00e8ne, suivant un &hellip; <\/p>\n<p class=\"link-more\"><a href=\"https:\/\/plateforme-numerique.intranet-opera.fr\/?page_id=710\" class=\"more-link\">Continuer la lecture<span class=\"screen-reader-text\"> de &laquo;&nbsp;Le salon de maquillage&nbsp;&raquo;<\/span><\/a><\/p>\n","protected":false},"author":1,"featured_media":0,"parent":61,"menu_order":0,"comment_status":"closed","ping_status":"closed","template":"","meta":{"footnotes":""},"class_list":["post-710","page","type-page","status-publish","hentry"],"_links":{"self":[{"href":"https:\/\/plateforme-numerique.intranet-opera.fr\/index.php?rest_route=\/wp\/v2\/pages\/710","targetHints":{"allow":["GET"]}}],"collection":[{"href":"https:\/\/plateforme-numerique.intranet-opera.fr\/index.php?rest_route=\/wp\/v2\/pages"}],"about":[{"href":"https:\/\/plateforme-numerique.intranet-opera.fr\/index.php?rest_route=\/wp\/v2\/types\/page"}],"author":[{"embeddable":true,"href":"https:\/\/plateforme-numerique.intranet-opera.fr\/index.php?rest_route=\/wp\/v2\/users\/1"}],"replies":[{"embeddable":true,"href":"https:\/\/plateforme-numerique.intranet-opera.fr\/index.php?rest_route=%2Fwp%2Fv2%2Fcomments&post=710"}],"version-history":[{"count":8,"href":"https:\/\/plateforme-numerique.intranet-opera.fr\/index.php?rest_route=\/wp\/v2\/pages\/710\/revisions"}],"predecessor-version":[{"id":1753,"href":"https:\/\/plateforme-numerique.intranet-opera.fr\/index.php?rest_route=\/wp\/v2\/pages\/710\/revisions\/1753"}],"up":[{"embeddable":true,"href":"https:\/\/plateforme-numerique.intranet-opera.fr\/index.php?rest_route=\/wp\/v2\/pages\/61"}],"wp:attachment":[{"href":"https:\/\/plateforme-numerique.intranet-opera.fr\/index.php?rest_route=%2Fwp%2Fv2%2Fmedia&parent=710"}],"curies":[{"name":"wp","href":"https:\/\/api.w.org\/{rel}","templated":true}]}}