{"id":1263,"date":"2024-06-10T16:03:37","date_gmt":"2024-06-10T14:03:37","guid":{"rendered":"http:\/\/op-int-21.fr\/plateforme-numerique-wp\/?page_id=1263"},"modified":"2024-06-11T17:16:25","modified_gmt":"2024-06-11T15:16:25","slug":"1263-2","status":"publish","type":"page","link":"https:\/\/plateforme-numerique.intranet-opera.fr\/?page_id=1263","title":{"rendered":"Historique de la construction"},"content":{"rendered":"<div class=\"vce-row-container\" data-vce-boxed-width=\"true\"><div class=\"vce-row vce-row--col-gap-30 vce-row-equal-height vce-row-content--top\" id=\"el-d19241d8\" data-vce-do-apply=\"all el-d19241d8\"><div class=\"vce-row-content\" data-vce-element-content=\"true\"><div class=\"vce-col vce-col--md-auto vce-col--xs-1 vce-col--xs-last vce-col--xs-first vce-col--sm-last vce-col--sm-first vce-col--md-last vce-col--lg-last vce-col--xl-last vce-col--md-first vce-col--lg-first vce-col--xl-first\" id=\"el-a05fc096\"><div class=\"vce-col-inner\" data-vce-do-apply=\"border margin background  el-a05fc096\"><div class=\"vce-col-content\" data-vce-element-content=\"true\" data-vce-do-apply=\"padding el-a05fc096\"><div class=\"vce-text-block\"><div class=\"vce-text-block-wrapper vce\" id=\"el-3487308f\" data-vce-do-apply=\"all el-3487308f\"><p>La premi\u00e8re salle de spectacle dijonnaise appara\u00eet au XVIIIe si\u00e8cle. Avant cette date, les diff\u00e9rentes troupes itin\u00e9rantes qui passaient par la ville donnaient leurs repr\u00e9sentations dans les tripots (cabaret, maison de jeu), notamment dans celui de la Poissonnerie, c\u00e9l\u00e8bre pour avoir abrit\u00e9 en 1630 les r\u00e9unions de la M\u00e8re-Folle (soci\u00e9t\u00e9 carnavalesque qui se plaisait \u00e0 d\u00e9noncer certains maux de la soci\u00e9t\u00e9 \u00e0 travers le jeu et la pitrerie).<\/p>\n<p>En 1717, la municipalit\u00e9 fait l\u2019acquisition d\u2019un de ces tripots, celui des Barres, situ\u00e9 rue du Grand Potet \u2013 actuelle rue Buffon - pour le transformer en Salle de Com\u00e9die d\u00e8s 1718. <\/p>\n<p>La ville songeait \u00e0 se doter d\u2019une v\u00e9ritable salle de spectacle mais la place manquait pour accueillir un th\u00e9\u00e2tre. En 1802, la destruction de la Sainte Chapelle et de son clo\u00eetre lib\u00e8re un espace suffisamment important pour permettre ce projet. L\u2019ancien emplacement du clo\u00eetre est choisi pour accueillir la nouvelle salle, celui de la Sainte Chapelle devenant alors la Place de la Com\u00e9die \u2013 aujourd\u2019hui Place de la Sainte Chapelle. L\u2019architecte dijonnais Jacques Cellerier est invit\u00e9 d\u00e8s 1803 \u00e0 soumettre ses propositions, et le Conseil Municipal du 20 septembre 1809 adopte ses plans.<\/p>\n<p>Le 2 d\u00e9cembre 1810, M. Lecoulteux, Pr\u00e9fet du D\u00e9partement, et M. Durande, Maire de Dijon proc\u00e8dent \u00e0 la pose de la premi\u00e8re pierre. Mais, en raison de divers \u00e9v\u00e8nements, les travaux sont suspendus en 1814. Ils ne sont repris qu\u2019en 1823, sous l\u2019administration municipale de M. le Marquis Le Compasseur de Courtivron. Jacques Cellerier \u00e9tant d\u00e9c\u00e9d\u00e9, c\u2019est l\u2019architecte parisien Simon Valot qui prend la direction des travaux, d\u2019apr\u00e8s les plans de son pr\u00e9d\u00e9cesseur. La construction dure 5 ans, jusqu\u2019en 1828.<\/p>\n<p>C\u2019est au po\u00e8te dijonnais Charles Briffaut, membre de l\u2019Acad\u00e9mie Fran\u00e7aise, que le Conseil Municipal confia le soin d\u2019\u00e9crire une pi\u00e8ce, <em>Les d\u00e9guisements<\/em>, <em>ou une folie de grands hommes<\/em>, pour l\u2019inauguration fix\u00e9e au 4 novembre 1828, jour de la f\u00eate du roi Charles X<strong>.<\/strong><\/p><\/div><\/div><\/div><\/div><\/div><\/div><\/div><\/div><div class=\"vce-row-container\" data-vce-boxed-width=\"true\"><div class=\"vce-row vce-row--col-gap-30 vce-row-equal-height vce-row-content--top\" id=\"el-e19a4c4c\" data-vce-do-apply=\"all el-e19a4c4c\"><div class=\"vce-row-content\" data-vce-element-content=\"true\"><div class=\"vce-col vce-col--md-auto vce-col--xs-1 vce-col--xs-last vce-col--xs-first vce-col--sm-last vce-col--sm-first vce-col--md-last vce-col--lg-last vce-col--xl-last vce-col--md-first vce-col--lg-first vce-col--xl-first\" id=\"el-024d7fe2\"><div class=\"vce-col-inner\" data-vce-do-apply=\"border margin background  el-024d7fe2\"><div class=\"vce-col-content\" data-vce-element-content=\"true\" data-vce-do-apply=\"padding el-024d7fe2\"><div class=\"vcv-row-control-wrapper\"><\/div><\/div><\/div><\/div><\/div><\/div><\/div><div class=\"vce-row-container\" data-vce-boxed-width=\"true\"><div class=\"vce-row vce-row--col-gap-30 vce-row-equal-height vce-row-content--top\" id=\"el-3ceeccf9\" data-vce-do-apply=\"all el-3ceeccf9\"><div class=\"vce-row-content\" data-vce-element-content=\"true\"><div class=\"vce-col vce-col--md-auto vce-col--xs-1 vce-col--xs-last vce-col--xs-first vce-col--sm-last vce-col--sm-first vce-col--md-last vce-col--lg-last vce-col--xl-last vce-col--md-first vce-col--lg-first vce-col--xl-first\" id=\"el-0c38199e\"><div class=\"vce-col-inner\" data-vce-do-apply=\"border margin background  el-0c38199e\"><div class=\"vce-col-content\" data-vce-element-content=\"true\" data-vce-do-apply=\"padding el-0c38199e\"><div class=\"vcv-row-control-wrapper\"><\/div><\/div><\/div><\/div><\/div><\/div><\/div><div class=\"vce-row-container\" data-vce-boxed-width=\"true\"><div class=\"vce-row vce-row--col-gap-30 vce-row-equal-height vce-row-content--top\" id=\"el-37127f2e\" data-vce-do-apply=\"all el-37127f2e\"><div class=\"vce-row-content\" data-vce-element-content=\"true\"><div class=\"vce-col vce-col--md-auto vce-col--xs-1 vce-col--xs-last vce-col--xs-first vce-col--sm-last vce-col--sm-first vce-col--md-last vce-col--lg-last vce-col--xl-last vce-col--md-first vce-col--lg-first vce-col--xl-first\" id=\"el-79834357\"><div class=\"vce-col-inner\" data-vce-do-apply=\"border margin background  el-79834357\"><div class=\"vce-col-content\" data-vce-element-content=\"true\" data-vce-do-apply=\"padding el-79834357\"><div class=\"vcv-row-control-wrapper\"><\/div><\/div><\/div><\/div><\/div><\/div><\/div>","protected":false},"excerpt":{"rendered":"<p>La premi\u00e8re salle de spectacle dijonnaise appara\u00eet au XVIIIe si\u00e8cle. Avant cette date, les diff\u00e9rentes troupes itin\u00e9rantes qui passaient par la ville donnaient leurs repr\u00e9sentations dans les tripots (cabaret, maison de jeu), notamment dans celui de la Poissonnerie, c\u00e9l\u00e8bre pour avoir abrit\u00e9 en 1630 les r\u00e9unions de la M\u00e8re-Folle (soci\u00e9t\u00e9 carnavalesque qui se plaisait \u00e0 &hellip; <\/p>\n<p class=\"link-more\"><a href=\"https:\/\/plateforme-numerique.intranet-opera.fr\/?page_id=1263\" class=\"more-link\">Continuer la lecture<span class=\"screen-reader-text\"> de &laquo;&nbsp;Historique de la construction&nbsp;&raquo;<\/span><\/a><\/p>\n","protected":false},"author":1,"featured_media":0,"parent":1252,"menu_order":0,"comment_status":"closed","ping_status":"closed","template":"","meta":{"footnotes":""},"class_list":["post-1263","page","type-page","status-publish","hentry"],"_links":{"self":[{"href":"https:\/\/plateforme-numerique.intranet-opera.fr\/index.php?rest_route=\/wp\/v2\/pages\/1263","targetHints":{"allow":["GET"]}}],"collection":[{"href":"https:\/\/plateforme-numerique.intranet-opera.fr\/index.php?rest_route=\/wp\/v2\/pages"}],"about":[{"href":"https:\/\/plateforme-numerique.intranet-opera.fr\/index.php?rest_route=\/wp\/v2\/types\/page"}],"author":[{"embeddable":true,"href":"https:\/\/plateforme-numerique.intranet-opera.fr\/index.php?rest_route=\/wp\/v2\/users\/1"}],"replies":[{"embeddable":true,"href":"https:\/\/plateforme-numerique.intranet-opera.fr\/index.php?rest_route=%2Fwp%2Fv2%2Fcomments&post=1263"}],"version-history":[{"count":5,"href":"https:\/\/plateforme-numerique.intranet-opera.fr\/index.php?rest_route=\/wp\/v2\/pages\/1263\/revisions"}],"predecessor-version":[{"id":1335,"href":"https:\/\/plateforme-numerique.intranet-opera.fr\/index.php?rest_route=\/wp\/v2\/pages\/1263\/revisions\/1335"}],"up":[{"embeddable":true,"href":"https:\/\/plateforme-numerique.intranet-opera.fr\/index.php?rest_route=\/wp\/v2\/pages\/1252"}],"wp:attachment":[{"href":"https:\/\/plateforme-numerique.intranet-opera.fr\/index.php?rest_route=%2Fwp%2Fv2%2Fmedia&parent=1263"}],"curies":[{"name":"wp","href":"https:\/\/api.w.org\/{rel}","templated":true}]}}