{"id":1252,"date":"2024-06-05T12:43:29","date_gmt":"2024-06-05T10:43:29","guid":{"rendered":"http:\/\/op-int-21.fr\/plateforme-numerique-wp\/?page_id=1252"},"modified":"2024-07-02T11:22:10","modified_gmt":"2024-07-02T09:22:10","slug":"visiter-les-grand-theatre","status":"publish","type":"page","link":"https:\/\/plateforme-numerique.intranet-opera.fr\/?page_id=1252","title":{"rendered":""},"content":{"rendered":"<div class=\"vce-row-container\" data-vce-boxed-width=\"true\"><div class=\"vce-row vce-row--col-gap-30 vce-row-equal-height vce-row-content--top\" id=\"el-e2f32b73\" data-vce-do-apply=\"all el-e2f32b73\"><div class=\"vce-row-content\" data-vce-element-content=\"true\"><div class=\"vce-col vce-col--md-auto vce-col--xs-1 vce-col--xs-last vce-col--xs-first vce-col--sm-last vce-col--sm-first vce-col--md-last vce-col--lg-last vce-col--xl-last vce-col--md-first vce-col--lg-first vce-col--xl-first\" id=\"el-0e5522cb\"><div class=\"vce-col-inner\" data-vce-do-apply=\"border margin background  el-0e5522cb\"><div class=\"vce-col-content\" data-vce-element-content=\"true\" data-vce-do-apply=\"padding el-0e5522cb\"><div class=\"vce-text-block\"><div class=\"vce-text-block-wrapper vce\" id=\"el-fe7cb696\" data-vce-do-apply=\"all el-fe7cb696\"><h2>Visiter le Grand Th\u00e9\u00e2tre<\/h2><p>L\u2019Op\u00e9ra de Dijon se compose de deux salles : le Grand Th\u00e9\u00e2tre (1828) et l\u2019Auditorium (1998).<\/p><p>Avec une fa\u00e7ade en p\u00e9ristyle form\u00e9 de huit colonnes corinthiennes, le Grand Th\u00e9\u00e2tre est un b\u00e2timent historique inspir\u00e9 de l'Antiquit\u00e9 classique, en vogue sous le 1er Empire. Il se dessine sur un plan rectangulaire de 61 m\u00e8tres de longueur, 22 m\u00e8tres de largeur et environ 17 m\u00e8tres de hauteur.<\/p><p>Le balcon en fa\u00e7ade a \u00e9t\u00e9 sculpt\u00e9 par Jean-Baptiste Plantar et s'orne de figues de femmes repr\u00e9sentant les quatre saisons. L'artiste d\u00e9cora d'autres parties du b\u00e2timent dont le hall d'accueil et le Foyer.<\/p><\/div><\/div><\/div><\/div><\/div><\/div><\/div><\/div><div class=\"vce-row-container\" data-vce-boxed-width=\"true\"><div class=\"vce-row vce-row--col-gap-30 vce-row-equal-height vce-row-content--top\" id=\"el-a7dc5ee0\" data-vce-do-apply=\"all el-a7dc5ee0\"><div class=\"vce-row-content\" data-vce-element-content=\"true\"><div class=\"vce-col vce-col--md-auto vce-col--xs-1 vce-col--xs-last vce-col--xs-first vce-col--sm-last vce-col--sm-first vce-col--md-last vce-col--lg-last vce-col--xl-last vce-col--md-first vce-col--lg-first vce-col--xl-first\" id=\"el-5f521771\"><div class=\"vce-col-inner\" data-vce-do-apply=\"border margin background  el-5f521771\"><div class=\"vce-col-content\" data-vce-element-content=\"true\" data-vce-do-apply=\"padding el-5f521771\"><div class=\"vce-image-gallery-with-scaleup vce-image-gallery-with-scaleup--gap-0 vce-image-gallery-with-scaleup--columns-1\"><div class=\"vce vce-image-gallery-with-scaleup-wrapper\" id=\"el-49ea51ab\" data-vce-do-apply=\"all el-49ea51ab\"><div class=\"vce-image-gallery-with-scaleup-list\"><div class=\"vce-image-gallery-with-scaleup-item\"><div class=\"vce-image-gallery-with-scaleup-item-inner-wrapper\"><a href=\"https:\/\/plateforme-numerique.intranet-opera.fr\/wp-content\/uploads\/2024\/06\/DSC4607-facade-Grand-Theatre-\u00a9-Mirco-Magliocca-scaled.jpg\" data-lightbox=\"lightbox-49ea51ab\" class=\"vce-image-gallery-with-scaleup-item-inner\"><img decoding=\"async\" class=\"vce-image-gallery-with-scaleup-img\" src=\"https:\/\/plateforme-numerique.intranet-opera.fr\/wp-content\/uploads\/2024\/06\/DSC4607-facade-Grand-Theatre-\u00a9-Mirco-Magliocca-1024x683.jpg\" alt=\"\" title=\"Fa\u00e7ade Grand Th\u00e9\u00e2tre \u00a9 Mirco Magliocca\"><\/a><\/div><\/div><\/div><\/div><\/div><\/div><\/div><\/div><\/div><\/div><\/div><div class=\"vce-row-container\" data-vce-boxed-width=\"true\"><div class=\"vce-row vce-row--col-gap-30 vce-row-equal-height vce-row-content--top\" id=\"el-2463d584\" data-vce-do-apply=\"all el-2463d584\"><div class=\"vce-row-content\" data-vce-element-content=\"true\"><div class=\"vce-col vce-col--md-auto vce-col--xs-1 vce-col--xs-last vce-col--xs-first vce-col--sm-last vce-col--sm-first vce-col--md-last vce-col--lg-last vce-col--xl-last vce-col--md-first vce-col--lg-first vce-col--xl-first\" id=\"el-4af93675\"><div class=\"vce-col-inner\" data-vce-do-apply=\"border margin background  el-4af93675\"><div class=\"vce-col-content\" data-vce-element-content=\"true\" data-vce-do-apply=\"padding el-4af93675\"><div class=\"vce-text-block\"><div class=\"vce-text-block-wrapper vce\" id=\"el-2ef1c945\" data-vce-do-apply=\"all el-2ef1c945\"><p><span style=\"font-size: 10pt;\">Fa\u00e7ade du Grand Th\u00e9\u00e2tre de l'Op\u00e9ra de Dijon \u00a9 Mirco Magliocca<\/span><\/p><\/div><\/div><\/div><\/div><\/div><\/div><\/div><\/div><div class=\"vce-row-container\" data-vce-boxed-width=\"true\"><div class=\"vce-row vce-row--col-gap-30 vce-row-equal-height vce-row-content--top\" id=\"el-26a53a79\" data-vce-do-apply=\"all el-26a53a79\"><div class=\"vce-row-content\" data-vce-element-content=\"true\"><div class=\"vce-col vce-col--md-auto vce-col--xs-1 vce-col--xs-last vce-col--xs-first vce-col--sm-last vce-col--sm-first vce-col--md-last vce-col--lg-last vce-col--xl-last vce-col--md-first vce-col--lg-first vce-col--xl-first\" id=\"el-3f816c8d\"><div class=\"vce-col-inner\" data-vce-do-apply=\"border margin background  el-3f816c8d\"><div class=\"vce-col-content\" data-vce-element-content=\"true\" data-vce-do-apply=\"padding el-3f816c8d\"><div class=\"vcv-row-control-wrapper\"><\/div><\/div><\/div><\/div><\/div><\/div><\/div><div class=\"vce-row-container\" data-vce-boxed-width=\"true\"><div class=\"vce-row vce-row--col-gap-30 vce-row-equal-height vce-row-content--top\" id=\"el-1e591289\" data-vce-do-apply=\"all el-1e591289\"><div class=\"vce-row-content\" data-vce-element-content=\"true\"><div class=\"vce-col vce-col--md-auto vce-col--xs-1 vce-col--xs-last vce-col--xs-first vce-col--sm-last vce-col--sm-first vce-col--md-last vce-col--lg-last vce-col--xl-last vce-col--md-first vce-col--lg-first vce-col--xl-first\" id=\"el-cfc907ff\"><div class=\"vce-col-inner\" data-vce-do-apply=\"border margin background  el-cfc907ff\"><div class=\"vce-col-content\" data-vce-element-content=\"true\" data-vce-do-apply=\"padding el-cfc907ff\"><div class=\"vce-text-block\"><div class=\"vce-text-block-wrapper vce\" id=\"el-14229786\" data-vce-do-apply=\"all el-14229786\"><h2>Projet \"Mon Grand Th\u00e9\u00e2tre\"<\/h2><p>Dans le cadre d'un projet en collaboration avec le service m\u00e9diation culturelle de l'Op\u00e9ra de Dijon, une classe de 6e du coll\u00e8ge Henri Dunant a r\u00e9alis\u00e9 en 2022 une vid\u00e9o de pr\u00e9sentation du <a href=\"https:\/\/opera-dijon.fr\/fr\/decouvrir-l-opera\/grand-theatre\/\">Grand Th\u00e9\u00e2tre.<\/a><\/p><p>Apr\u00e8s une visite de ce lieu historique et un travail de r\u00e9daction, puis un apr\u00e8s-midi de tournage, les \u00e9l\u00e8ves nous proposent de le d\u00e9couvrir \u00e0 travers leurs mots et leur regard.&nbsp;<\/p><\/div><\/div><\/div><\/div><\/div><\/div><\/div><\/div><div class=\"vce-row-container\" data-vce-boxed-width=\"true\"><div class=\"vce-row vce-row--col-gap-30 vce-row-equal-height vce-row-content--top\" id=\"el-1a71f653\" data-vce-do-apply=\"all el-1a71f653\"><div class=\"vce-row-content\" data-vce-element-content=\"true\"><div class=\"vce-col vce-col--md-auto vce-col--xs-1 vce-col--xs-last vce-col--xs-first vce-col--sm-last vce-col--sm-first vce-col--md-last vce-col--lg-last vce-col--xl-last vce-col--md-first vce-col--lg-first vce-col--xl-first\" id=\"el-a7dc20f4\"><div class=\"vce-col-inner\" data-vce-do-apply=\"border margin background  el-a7dc20f4\"><div class=\"vce-col-content\" data-vce-element-content=\"true\" data-vce-do-apply=\"padding el-a7dc20f4\"><div class=\"vce-yt-video-player vce-yt-video-player--align-center vce-yt-video-player--size-560x315\"><div class=\"vce vce-yt-video-player-wrapper\" id=\"el-f2806e0b\" style=\"width: 560px;\" data-vce-do-apply=\"all el-f2806e0b\"><div class=\"vce-yt-video-player-inner\"><iframe loading=\"lazy\" class=\"vce-yt-video-player-iframe\" src=\"https:\/\/www.youtube.com\/embed\/SlXn_Y637CI?autoplay=0&amp;mute=0&amp;color=red&amp;controls=1&amp;loop=0&amp;rel=0&amp;start=0&amp;cc_load_policy=0&amp;iv_load_policy=3&amp;enablejsapi=1\" width=\"640\" height=\"390\" allowfullscreen=\"\" title=\"YouTube video\"><\/iframe><\/div><\/div><\/div><\/div><\/div><\/div><\/div><\/div><\/div><div class=\"vce-row-container\" data-vce-boxed-width=\"true\"><div class=\"vce-row vce-row--col-gap-30 vce-row-equal-height vce-row-content--top\" id=\"el-9a6dce09\" data-vce-do-apply=\"all el-9a6dce09\"><div class=\"vce-row-content\" data-vce-element-content=\"true\"><div class=\"vce-col vce-col--md-auto vce-col--xs-1 vce-col--xs-last vce-col--xs-first vce-col--sm-last vce-col--sm-first vce-col--md-last vce-col--lg-last vce-col--xl-last vce-col--md-first vce-col--lg-first vce-col--xl-first\" id=\"el-790d179e\"><div class=\"vce-col-inner\" data-vce-do-apply=\"border margin background  el-790d179e\"><div class=\"vce-col-content\" data-vce-element-content=\"true\" data-vce-do-apply=\"padding el-790d179e\"><div class=\"vce-text-block\"><div class=\"vce-text-block-wrapper vce\" id=\"el-fc5c3756\" data-vce-do-apply=\"all el-fc5c3756\"><p>Les \u00e9l\u00e8ves ont ensuite men\u00e9 eux-m\u00eame une visite destin\u00e9e \u00e0 leurs camarades inter-degr\u00e9s de CM2 de l\u2019\u00e9cole Les Monts de Vignes, concluant ainsi le projet \"Mon Grand Th\u00e9\u00e2tre\" sur une transmission des savoirs.<\/p><\/div><\/div><\/div><\/div><\/div><\/div><\/div><\/div>","protected":false},"excerpt":{"rendered":"<p>Visiter le Grand Th\u00e9\u00e2treL\u2019Op\u00e9ra de Dijon se compose de deux salles : le Grand Th\u00e9\u00e2tre (1828) et l\u2019Auditorium (1998).Avec une fa\u00e7ade en p\u00e9ristyle form\u00e9 de huit colonnes corinthiennes, le Grand Th\u00e9\u00e2tre est un b\u00e2timent historique inspir\u00e9 de l&rsquo;Antiquit\u00e9 classique, en vogue sous le 1er Empire. Il se dessine sur un plan rectangulaire de 61 m\u00e8tres &hellip; <\/p>\n<p class=\"link-more\"><a href=\"https:\/\/plateforme-numerique.intranet-opera.fr\/?page_id=1252\" class=\"more-link\">Continuer la lecture<span class=\"screen-reader-text\"> de &laquo;&nbsp;&nbsp;&raquo;<\/span><\/a><\/p>\n","protected":false},"author":1,"featured_media":0,"parent":0,"menu_order":0,"comment_status":"closed","ping_status":"closed","template":"","meta":{"footnotes":""},"class_list":["post-1252","page","type-page","status-publish","hentry"],"_links":{"self":[{"href":"https:\/\/plateforme-numerique.intranet-opera.fr\/index.php?rest_route=\/wp\/v2\/pages\/1252","targetHints":{"allow":["GET"]}}],"collection":[{"href":"https:\/\/plateforme-numerique.intranet-opera.fr\/index.php?rest_route=\/wp\/v2\/pages"}],"about":[{"href":"https:\/\/plateforme-numerique.intranet-opera.fr\/index.php?rest_route=\/wp\/v2\/types\/page"}],"author":[{"embeddable":true,"href":"https:\/\/plateforme-numerique.intranet-opera.fr\/index.php?rest_route=\/wp\/v2\/users\/1"}],"replies":[{"embeddable":true,"href":"https:\/\/plateforme-numerique.intranet-opera.fr\/index.php?rest_route=%2Fwp%2Fv2%2Fcomments&post=1252"}],"version-history":[{"count":13,"href":"https:\/\/plateforme-numerique.intranet-opera.fr\/index.php?rest_route=\/wp\/v2\/pages\/1252\/revisions"}],"predecessor-version":[{"id":1745,"href":"https:\/\/plateforme-numerique.intranet-opera.fr\/index.php?rest_route=\/wp\/v2\/pages\/1252\/revisions\/1745"}],"wp:attachment":[{"href":"https:\/\/plateforme-numerique.intranet-opera.fr\/index.php?rest_route=%2Fwp%2Fv2%2Fmedia&parent=1252"}],"curies":[{"name":"wp","href":"https:\/\/api.w.org\/{rel}","templated":true}]}}